et r(i) = -3 - 2*i**2 + 3*i**2 - i + 2 + 0*i. Let v(h) = -q(h) - 3*r(h). Give v(5).
1
Let z(u) = -2*u**2 + 4*u + 3. Let a(o) = o**2 + o. Let b(k) = -3*a(k) - z(k). Calculate b(-6).
3
Let y(g) = -g**3 + 6*g**2 + 1 - 5*g**2 + 0 + 4*g**2. Let a = 31 - 14. Suppose -r + 30 = 4*j - 6*r, -3*j + r = -a. Determine y(j).
1
Suppose 22 = -4*p - 14. Suppose 0*f - 12 = -g + 2*f, -2*g = 4*f. Let m = g + p. Let n(v) = v**3 + 3*v**2 + 2*v - 4. What is n(m)?
-10
Suppose -4*o + 8 = m - 7, 4*m + 2*o = 4. Let q(p) = -4*p**2 + 2*p + 2. What is q(m)?
-4
Let p(o) = -3*o**3 + 6*o**2 - 5*o + 2. Let t(v) = 2*v**3 - 5*v**2 + 4*v - 1. Let g(r) = -3*p(r) - 4*t(r). Give g(-2).
0
Let r(n) = -4 - 5 + 8 - 2*n + 0*n**2 - 2*n**2 + 2*n**3. What is r(-1)?
-3
Let b be ((-3)/(-2))/(12/40). Let o be 1 + 0 - (-5 + b). Let j(l) = 1 - l**2 - 4*l**3 - 4*l**2 + 3*l**2. Give j(o).
-5
Let r(w) be the second derivative of -w**3/6 + 5*w**2/2 - 7*w. Give r(7).
-2
Let a(z) be the third derivative of -z**5/12 - 5*z**4/24 + z**3 + 4*z**2. Let t(m) = -m**2 - m + 1. Let o(f) = -a(f) + 4*t(f). Calculate o(2).
4
Let a(x) = -x**2 - x + 4. Let b be a(-3). Let s be 45/63 + b/(-7). Let u(l) = s - 4*l + 8*l - 4*l - 9*l**2. Calculate u(1).
-8
Let s(q) = q**2 + 7*q - 10. Suppose 2 = -5*l - 38. Give s(l).
-2
Let s = -2 + 5. Let k be (0 + s)*12/9. Let v(z) = -z**2 + 3*z - 5. Calculate v(k).
-9
Let a be (-4*3/(-54))/((-16)/(-144)). Let r(v) = -2*v**2 + 1. Calculate r(a).
-7
Let h(m) be the second derivative of m**4/12 + 2*m. Let r(u) = 3*u**2 - 3*u - 4. Let l(a) = -2*h(a) + r(a). Give l(5).
6
Suppose -3*k = -3*y + 3, 0*y + 2 = 4*k - 2*y. Let z(t) = t + 2. Give z(k).
4
Suppose -3*f - 4 = -1. Let b(d) = d**3 + 9*d**2 + d + 8. Let h be b(-9). Let c be -1*(f - 1/h). Let z(s) = -s**2 - s + 3. Give z(c).
3
Let a(v) = v**3 + 6*v**2 + 6*v + 8. Let w be a(-5). Suppose 2*b = -d + 9, w*d - b = 2*b. Let n(j) = -j**3 + 4*j**2 - 2*j - 3. Determine n(d).
0
Let c(u) be the third derivative of 1/3*u**3 + 0 + 1/12*u**5 + 0*u - 1/120*u**6 - 1/6*u**4 - 2*u**2. What is c(4)?
2
Suppose -9 = -3*a - l, 2*l = 2*a - 0*l - 14. Let g be 0 - (a - (3 + 1)). Let h(v) = -v**3 - v + 5. What is h(g)?
5
Let v(u) = -7*u**2 + 6*u + 8. Let m(g) = 6*g**2 - 6*g - 7. Let k be (-6)/(-4)*30/9. Let p(s) = k*v(s) + 6*m(s). Determine p(6).
-2
Suppose -2*t + 0 = -12. Let p(f) = -f**2 + 7*f - 5. Determine p(t).
1
Suppose 2*m = 3*q - 42, 4*m + 3*q + 84 = -2*q. Let b be (-6)/m - (-4)/(-14). Let l(u) = u + 1. Let i(z) = 7*z + 9. Let j(n) = -i(n) + 6*l(n). Calculate j(b).
-3
Let i(b) = -b**2 - b. Let k(d) be the first derivative of d**4/4 - d + 1. Let t be k(1). Suppose 3*f - 6*n = -4*n - 3, f + n + 1 = t. Determine i(f).
0
Suppose -4*m = 5*t - 0*t + 20, 2*t = m - 8. Let u(a) = a**2 + 5*a + 2. Give u(t).
-2
Let u(l) be the first derivative of -l**4/2 + l**3/3 - l**2 + l + 4. Suppose 0 = -3*d + d + 2. What is u(d)?
-2
Let k = -5 - -5. Let m(t) = 6 + 0*t + t - 3*t + k*t. Let h be m(5). Let w(q) = q**2 + 6*q + 5. What is w(h)?
-3
Suppose -3*v = 2*v - 140. Suppose -5*w + 27 = -4*u - 2*w, -5*u - 2*w = v. Let l(s) = -s**2 - 7*s + 4. What is l(u)?
10
Let d(v) = -2*v - 5. Let y be (-4)/(-6) + (-34)/6. What is d(y)?
5
Let f(q) be the second derivative of 0 - 5*q - q**2 + 1/6*q**3. Calculate f(2).
0
Let f be ((-12)/(-8))/((-3)/(-2)). Let b(c) = c**2 + c. What is b(f)?
2
Let a(x) = x + 1. Suppose 5*p + 5 = 3*k - 7*k, -3*k - 9 = 2*p. Give a(p).
4
Let v(q) = 2*q + 2. Let t(h) = -2*h + 5*h - 1 - 4*h. Let r be t(-3). What is v(r)?
6
Let g(z) = 5*z + 10. Let q(i) = -4*i - 8. Let x(o) = 5*g(o) + 6*q(o). Let k(r) = r**2 + 4*r - 4. Let v be k(-4). What is x(v)?
-2
Let d be ((-3)/(-1))/(-6)*-34. Let b(l) = -15*l + 1 - 2 + d*l. Calculate b(1).
1
Let j(l) be the third derivative of l**4/24 + 5*l**3/3 + 6*l**2. Suppose m + 4*m = -735. Let h be m/28 + (-1)/(-4). Determine j(h).
5
Let j(t) be the second derivative of t**5/20 - 5*t**4/12 - 7*t**3/6 + 9*t**2/2 + t. Suppose 0*f + 4*f - 24 = 0. What is j(f)?
3
Let k(c) = -c + c**2 - 6*c**3 + 1 - c + 0*c. Suppose 4*m + 5*d + 11 = 0, -3*d + 5 = 2*m - 4*d. What is k(m)?
-6
Let j(l) = -l**3 + 6*l**2 - 5*l - 6. Suppose 5*g + 5 = 6*g. Suppose -4*a + 8 = -3*t - g, 2*a = 4*t + 4. Suppose -1 = -a*q + 3*q, 20 = 3*m + 5*q. Determine j(m).
-6
Let b be (-1)/3 + (-4)/6. Let q(u) = -u - 1. Calculate q(b).
0
Let q(y) be the second derivative of 0 - 1/24*y**4 + 0*y**3 + 4*y + 2*y**2. Let a(v) be the first derivative of q(v). Give a(1).
-1
Let o(h) be the second derivative of h**4/12 + 2*h**3/3 + 7*h**2/2 - h. Calculate o(-5).
12
Let o(h) be the second derivative of 2*h**3/3 + h**2/2 - 5*h. Determine o(2).
9
Suppose w + 3*g + 0*g - 4 = 0, -g - 1 = 0. Let p(y) = y**3 - 6*y**2 - 9*y + 2. What is p(w)?
-12
Let m(g) = 8*g**3 + g**2 - g + 1. Suppose -17 + 50 = -3*h - q, 5*q = -5*h - 45. Let o = h + 13. Calculate m(o).
9
Let b(p) = -p + 2. Let f be b(3). Let q = f + 5. Let h(v) = 3*v + 4*v**2 + v**3 + v**3 - 6 - 3*v**3. Give h(q).
6
Let g(n) be the first derivative of n**2 + 3*n + 6. Give g(-2).
-1
Let k(c) = -2*c + 5. Let w(h) = -4*h + 11. Let m be (2 - 0)*2 + -1. Suppose 3*j - 3 = 4*x, -3*x - m = -2*x. Let u(f) = j*w(f) + 7*k(f). Calculate u(2).
-2
Let y(l) be the second derivative of 0 + 1/3*l**3 - l**2 - 3*l. What is y(-4)?
-10
Let w(g) = 3*g**2 + 5*g + 15. Let r(p) be the first derivative of -p**3/3 - 3*p**2/2 - 7*p - 6. Let i(j) = -5*r(j) - 2*w(j). What is i(5)?
5
Let w(k) = k - 4. Let j be (-9)/((-108)/8)*-6. Calculate w(j).
-8
Suppose i = 3*a - 68, -4*a + 2*a = -2*i - 52. Let q = a + -19. Let n(t) = t**2 - t + 2. Calculate n(q).
4
Suppose 5*s + 0*s + 20 = 0. Suppose -4 = -2*u + 4*u, 4*v + 2 = u. Let g = v - s. Let t(d) = -d**3 + 2*d**2 + d. Determine t(g).
-6
Let s(p) be the second derivative of p**5/20 - 5*p**4/12 + p**3/2 + 33*p. Calculate s(2).
-6
Let z(g) be the first derivative of -g**2/2 - 4*g - 55. What is z(-6)?
2
Let y(p) = -p - 5. Let l be y(-8). Let u(r) = 4*r**2 - 10*r - r**3 + 5 + 5*r + 2*r**l. Let m(o) = 4*o - 1. Let v be m(-1). Calculate u(v).
5
Let q = 6 + -9. Let c(d) = d**2 + d + 1. Calculate c(q).
7
Let u(r) = -2*r + 1. Let f(x) be the second derivative of -5*x**3/6 + x**2 + x. Let i(b) = -3*f(b) + 7*u(b). Determine i(0).
1
Let b(z) be the second derivative of z**4/12 - z**3/3 - 3*z**2/2 + 8*z. Determine b(5).
12
Let u(h) = -h**2 - 3*h - 4. Let s(r) = -7 - 7*r + 5 - 7 + 0*r**2 - 2*r**2. Let d(a) = 2*s(a) - 5*u(a). Let n(g) = -4*g**2 + 1. Let k be n(1). Give d(k).
8
Let t(u) = -u**3 - u - 1. Let y(i) be the second derivative of 3*i**5/20 - i**4/4 + i**3/3 + 2*i**2 + 3*i. Let q(k) = -4*t(k) - y(k). Determine q(-3).
-6
Let u(c) = 4*c + 21. Let l(n) = -n - 3. Let o(v) = -5*l(v) - u(v). Calculate o(7).
1
Let m(f) = 2 + 7 - 2 - f. Give m(5).
2
Let f(v) = v**3 - v**2 - 1. Let u(w) = -5*w**3 + 12*w**2 + 4*w + 5. Let q(c) = 6*f(c) + u(c). Calculate q(-5).
4
Let t(u) be the first derivative of 2*u**2 - 1/4*u**4 + 0*u + 4/3*u**3 - 5. What is t(5)?
-5
Suppose -3*p + 6 = -2*b - 0, -1 = -4*p + 5*b. Let a = -14 + 14. Let u(x) = 2*x - p - x + a. What is u(-3)?
-7
Let t(l) = -4 + 5 + 5*l - 4*l - 8*l. Let h be (0 - -1)/(1/1). What is t(h)?
-6
Suppose 0 = 3*p + 2*p - 20. Suppose -p = j + 3*j. Let z(f) = 6*f + 1. Give z(j).
-5
Let j(h) = h**3 + 5*h**2 + 2*h + 6. Suppose 0 = -q - q + 16. Let f be 4*4/q + -7. Determine j(f).
-4
Let i be -1 + 1 + (5 - -7). Suppose 5*n + 5*q - 15 = 0, 2*n + 4*q = -n + i. Let f(u) = u**2 + u - 2. Let o be f(n). Let d(b) = -4*b. What is d(o)?
8
Let w(v) = -2*v**2 + v + 2. Suppose -j + 4 - 2 = 0. Calculate w(j).
-4
Suppose -6 = -3*n - 0*n. Let u(v) be the second derivative of -1/6*v**3 - 1/12*v**4 - v + 1/2*v**n + 0. Calculate u(-2).
-1
Let b(n) = -n**2 + 7*n - 3. Suppose 11*u + 28 = 15*u. Give b(u).
-3
Let u be 26/48 + 3/(-9). Let w(t) be the third derivative of 2*t**2 + 1/6*t**3 + 0*t - 1/60*t**5 + 0 - u*t**4. Determine w(-5).
1
Suppose c - 12 = 3*c. Let o(u) be the third derivative of -u**4/24 - 2*u**3 + 12*u**2. What is o(c)?
-6
Let y = 7 + 3. Let m be (-14 - -15)/(2/y). Let s(f) = -f**3 + 5*f**2 + 7. Determine s(m).
7
Suppose 3*o = -0*o + 9. Let a(l) = -2*l**3 + 3*l**2 - 1. Let x(p) = p**3 + p**2. Let g(b) = o*x(b) - a(b). Suppose -5 = -8*j + 3. Calculate g(j).
6
Let c be 1 + -3 - 36/3. Let r = c - -13. Let m(j) = 6*j**